ite number?
False
Is 1058056471 a composite number?
False
Is 7071077379 a composite number?
True
Is 558569071 a composite number?
True
Is 1319076023 prime?
False
Is 1708487813 prime?
True
Is 484415909 prime?
True
Is 9138561349 a composite number?
True
Is 38350330819 a composite number?
False
Is 376721647 prime?
True
Is 993281917 a composite number?
True
Is 306106417 a prime number?
True
Is 4226223227 composite?
True
Is 1199035849 composite?
True
Is 884025179 prime?
False
Is 2316478279 composite?
False
Is 11757071839 a prime number?
False
Is 2666891179 a prime number?
True
Is 3572145391 a composite number?
False
Is 1544843837 a prime number?
True
Is 757459691 prime?
True
Is 8989952711 a prime number?
False
Is 97844822 a prime number?
False
Is 12903208303 composite?
True
Is 55257935747 a composite number?
True
Is 131667709997 a composite number?
False
Is 46018620419 composite?
True
Is 111751904723 a composite number?
False
Is 9279209701 a prime number?
True
Is 5525058549 a composite number?
True
Is 128482046213 composite?
True
Is 359181504641 prime?
True
Is 1518904553 composite?
False
Is 3640202591 composite?
True
Is 958867957 a composite number?
True
Is 833720929 prime?
True
Is 52746607393 composite?
True
Is 530838547 composite?
False
Is 752377859 composite?
True
Is 128992888559 composite?
False
Is 3723159199 prime?
False
Is 13672727389 prime?
False
Is 45341627669 a prime number?
False
Is 2343869467 prime?
False
Is 104107279 a composite number?
True
Is 4587773473 a composite number?
False
Is 8501821649 prime?
False
Is 25697631547 composite?
True
Is 1761080357 a prime number?
True
Is 1168823585 composite?
True
Is 2498932621 a prime number?
True
Is 1547475869 a composite number?
False
Is 13356533717 composite?
False
Is 215320429831 composite?
True
Is 130641945121 a prime number?
False
Is 634499533 a composite number?
True
Is 685192357 a composite number?
False
Is 11232719761 a prime number?
False
Is 184507199 prime?
True
Is 533190629 composite?
False
Is 1628076577 composite?
False
Is 3014279269 composite?
False
Is 14067149441 composite?
True
Is 1405472087 a prime number?
False
Is 736416182 composite?
True
Is 2561208451 prime?
True
Is 2129626403 composite?
True
Is 740933483 prime?
False
Is 6001059917 a composite number?
False
Is 117970337 a composite number?
True
Is 704958041 prime?
True
Is 1477947239 composite?
False
Is 5948579137 prime?
True
Is 5123304379 prime?
False
Is 487161461 prime?
False
Is 522181423 composite?
True
Is 2064401071 composite?
False
Is 1295159897 a prime number?
False
Is 933116069 prime?
True
Is 8722142827 prime?
True
Is 1676345459 a prime number?
True
Is 1966659839 composite?
False
Is 313637609 composite?
False
Is 537794387 a prime number?
False
Is 3163397817 composite?
True
Is 68539934441 a prime number?
False
Is 32776553 a composite number?
False
Is 313844321199 a composite number?
True
Is 1886374249 a composite number?
False
Is 361308197 composite?
True
Is 7753401283 a prime number?
True
Is 372351769 prime?
True
Is 44412803 a prime number?
True
Is 28764611717 a composite number?
True
Is 635759219 composite?
False
Is 316709513 a composite number?
False
Is 8487967435 a composite number?
True
Is 8390924197 composite?
False
Is 11997361507 a composite number?
True
Is 5244948941 prime?
True
Is 164444680391 prime?
True
Is 1060303627 a composite number?
False
Is 19152613731 composite?
True
Is 539515433 prime?
False
Is 4082265971 a composite number?
True
Is 49599131173 prime?
False
Is 11395625979 a prime number?
False
Is 164795549 a composite number?
False
Is 84074235293 a composite number?
False
Is 3291135605 a composite number?
True
Is 449260951 a composite number?
True
Is 53865242057 composite?
True
Is 9715170067 a composite number?
False
Is 19707679627 composite?
False
Is 145908563 composite?
True
Is 8036513851 a composite number?
False
Is 6538064807 a prime number?
True
Is 2008766927 prime?
False
Is 22569799067 prime?
False
Is 1809711533 prime?
False
Is 565658057 a prime number?
False
Is 942261511 a composite number?
False
Is 23382382379 composite?
False
Is 6057841921 composite?
False
Is 14047127411 a prime number?
True
Is 3163217861 composite?
True
Is 3613027127 a prime number?
True
Is 8232444663 prime?
False
Is 869199557 a composite number?
True
Is 6108402893 composite?
True
Is 1349566133 composite?
False
Is 1156714223 a prime number?
False
Is 7913515201 a composite number?
False
Is 1053509081 a composite number?
True
Is 12282315935 a composite number?
True
Is 389433620437 composite?
False
Is 8427964109 a composite number?
True
Is 27039335619 a composite number?
True
Is 8641278719 prime?
True
Is 991560593 a prime number?
True
Is 5793652021 a composite number?
False
Is 60479821 composite?
False
Is 836857991 a prime number?
False
Is 654685463 a composite number?
False
Is 193877132663 prime?
True
Is 32140982233 a composite number?
False
Is 578101721 composite?
True
Is 2066368214 a composite number?
True
Is 14300283541 a prime number?
False
Is 1701281521 prime?
False
Is 23607875819 composite?
True
Is 4718289397 a composite number?
True
Is 10750046583 a prime number?
False
Is 151516819 a prime number?
False
Is 89949997057 composite?
True
Is 563490157 a composite number?
False
Is 299791761 prime?
False
Is 1125564981 composite?
True
Is 30229332739 prime?
True
Is 2144899613 composite?
True
Is 16149104597 prime?
False
Is 1128822913 a prime number?
True
Is 134707665397 a prime number?
False
Is 20637809993 prime?
False
Is 944705659 composite?
False
Is 6741012893 prime?
True
Is 10148861483 composite?
False
Is 526169779 a prime number?
False
Is 31880707291 a composite number?
True
Is 1140986338693 composite?
False
Is 614503991 a prime number?
False
Is 9807186229 a composite number?
False
Is 6239929177 composite?
True
Is 14245089199 a composite number?
True
Is 6311423351 a prime number?
True
Is 300941111 a composite number?
True
Is 2957503253 prime?
True
Is 10425592129 prime?
False
Is 17441995159 a prime number?
True
Is 23909574317 composite?
True
Is 119770283 a composite number?
False
Is 4541347403 a composite number?
True
Is 5440249853 a composite number?
True
Is 43414131031 composite?
False
Is 605123227 a composite number?
False
Is 1874056043 a composite number?
False
Is 36631202497 a prime number?
True
Is 1129360451 composite?
False
Is 198880879 a prime number?
False
Is 28997961991 prime?
True
Is 110490601 a prime number?
False
Is 63710663 a composite number?
False
Is 6572471701 composite?
True
Is 199743749 a prime number?
False
Is 6273374137 a composite number?
False
Is 10443493519 a prime number?
False
Is 24413773393 a composite number?
False
Is 8948213047 prime?
True
Is 9649068193 composite?
False
Is 7592805343 a composite number?
False
Is 14613811591 a prime number?
True
Is 8773373611 prime?
True
Is 18631325803 a prime number?
False
Is 6145182929 composite?
False
Is 6397672243 prime?
True
Is 12260226851 a prime number?
True
Is 78495542651 a composite number?
False
Is 28283733983 a prime number?
True
Is 185926133113 a composite number?
True
Is 1426052399 prime?
True
Is 9708090569 composite?
True
Is 10600701779 a prime number?
False
Is 6330189517 a composite number?
False
Is 1185366179 prime?
False
Is 4996136699 composite?
True
Is 34644233747 a prime number?
True
Is 74905234757 prime?
True
Is 11375659 prime?
True
Is 1651750445 a prime number?
False
Is 7280529013 a prime number?
True
Is 414589333 prime?
False
Is 807867691 prime?
False
Is 103981915 prime?
False
Is 38273310643 a prime number?
True
Is 3172830431 prime?
True
Is 81217859 a composite number?
False
Is 664688327 prime?
True
Is 1286120477 a composite number?
False
Is 29851552637 prime?
True
Is 16876836061 a composite number?
False
Is 958522765 a prime number?
False
Is 2275619 a prime number?
True
Is 670246093 prime?
False
Is 7063230305 a composite number?
True
Is 1043286169 prime?
True
Is 2418727177 a prime number?
False
Is 7712789563 a composite number?
False
Is 45276931457 prime?
True
Is 25080532759 a prime number?
True
Is 67690074439 composite?
True
Is 312456997 a composite number?
True
Is 415779017 a prime number?
True
Is 2456420261 a composite number?
False
Is 5821254349 composite?
False
Is 54459196723 composite?
True
Is 1663443113 prime?
False
Is 70134142651 a com